{"id":8458,"date":"2021-11-25T16:28:49","date_gmt":"2021-11-25T19:28:49","guid":{"rendered":"http:\/\/www.petelekoescola.com.br\/colegio-em-joinville\/?page_id=8458"},"modified":"2022-09-14T08:27:55","modified_gmt":"2022-09-14T11:27:55","slug":"ensino-fundamental","status":"publish","type":"page","link":"https:\/\/www.petelekoescola.com.br\/colegio-em-joinville\/colegio-em-joinville\/ensino-fundamental\/","title":{"rendered":"Ensino Fundamental"},"content":{"rendered":"<!--themify_builder_content-->\n<div id=\"themify_builder_content-8458\" data-postid=\"8458\" class=\"themify_builder_content themify_builder_content-8458 themify_builder tf_clear\">\n    \t<!-- module_row -->\n\t<div  data-lazy=\"1\" class=\"module_row themify_builder_row repeat tb_xf5s714 tb_first tf_clearfix\" >\n\t    \t\t<div class=\"row_inner col_align_top col-count-1 tf_box tf_w tf_rel\">\n\t\t\t<div  data-lazy=\"1\" class=\"module_column tb-column col-full first tb_d7on715 tf_box\">\n\t\t\t    \t        <div class=\"tb-column-inner tf_box tf_w\">\n\t\t    <!-- module image -->\n<div  class=\"module module-image tb_vzsh336 circle  image-center tf_mw\" data-lazy=\"1\">\n        <div class=\"image-wrap tf_rel tf_mw\">\n\t\t    <img loading=\"lazy\" decoding=\"async\" src=\"http:\/\/www.petelekoescola.com.br\/colegio-em-joinville\/wp-content\/uploads\/2021\/11\/Kindergarten-16.png\" width=\"120\" height=\"120\" title=\"Ensino Fundamental\" alt=\"Ensino Fundamental\">\t\n\t\t<\/div>\n\t<!-- \/image-wrap -->\n    \n    \t<div class=\"image-content\">\n\t    \t\t\t<h3 class=\"image-title\">\n\t\t\t\t\t\t\t\t\tEnsino Fundamental\t\t\t\t\t\t\t<\/h3>\n\t    \n\t    \t<\/div>\n\t<!-- \/image-content -->\n    \t<\/div>\n<!-- \/module image -->\t        <\/div>\n\t    \t<\/div>\n\t\t    <\/div>\n\t    <!-- \/row_inner -->\n\t<\/div>\n\t<!-- \/module_row -->\n\t\t<!-- module_row -->\n\t<div  data-css_id=\"bitb841\" data-lazy=\"1\" class=\"module_row themify_builder_row repeat fullwidth tb_bitb841 tf_clearfix\" >\n\t    \t\t<div class=\"row_inner col_align_bottom col-count-2 tf_box tf_w tf_rel\">\n\t\t\t<div  data-lazy=\"1\" class=\"module_column tb-column col4-2 first tb_iaku843 tf_box\">\n\t\t\t    \t        <div class=\"tb-column-inner tf_box tf_w\">\n\t\t    <!-- module text -->\n<div  class=\"module module-text tb_f3rj51   \" data-lazy=\"1\">\n        <div  class=\"tb_text_wrap\">\n    <h1 style=\"text-align: center;\"><span style=\"font-weight: normal;\">Compreende as S\u00e9ries Iniciais (1\u00ba ao 5\u00ba ano)<\/span><\/h1>    <\/div>\n<\/div>\n<!-- \/module text --><!-- module text -->\n<div  class=\"module module-text tb_bia0687   \" data-lazy=\"1\">\n        <div  class=\"tb_text_wrap\">\n    <p style=\"text-align: center;\">A organiza\u00e7\u00e3o de todas as \u00e1reas do conhecimento ter\u00e1 como refer\u00eancia a Base Nacional Comum Curricular e a Proposta Curricular do Estado de Santa Catarina (envolvendo projetos e pesquisa).<\/p>    <\/div>\n<\/div>\n<!-- \/module text -->\t        <\/div>\n\t    \t<\/div>\n\t\t<div  data-lazy=\"1\" class=\"module_column tb-column col4-2 last tb_wttk846 tf_box\">\n\t\t\t    \t        <div class=\"tb-column-inner tf_box tf_w\">\n\t\t    <!-- module image -->\n<div  class=\"module module-image tb_6fph846   image-left auto_fullwidth tf_mw wow\" data-tf-animation=\"fadeInRight\" data-lazy=\"1\">\n        <div class=\"image-wrap tf_rel tf_mw\">\n\t\t    <img loading=\"lazy\" decoding=\"async\" src=\"https:\/\/www.petelekoescola.com.br\/colegio-em-joinville\/wp-content\/uploads\/2022\/09\/Ensino-Fundamental-1-1000x750.jpg\" width=\"1000\" height=\"750\" class=\"wp-post-image wp-image-8920\" title=\"Ensino Fundamental (1)\" alt=\"Ensino Fundamental (1)\" srcset=\"https:\/\/www.petelekoescola.com.br\/colegio-em-joinville\/wp-content\/uploads\/2022\/09\/Ensino-Fundamental-1-1000x750.jpg 1000w, https:\/\/www.petelekoescola.com.br\/colegio-em-joinville\/wp-content\/uploads\/2022\/09\/Ensino-Fundamental-1-300x225.jpg 300w, https:\/\/www.petelekoescola.com.br\/colegio-em-joinville\/wp-content\/uploads\/2022\/09\/Ensino-Fundamental-1-1024x768.jpg 1024w, https:\/\/www.petelekoescola.com.br\/colegio-em-joinville\/wp-content\/uploads\/2022\/09\/Ensino-Fundamental-1-768x576.jpg 768w, https:\/\/www.petelekoescola.com.br\/colegio-em-joinville\/wp-content\/uploads\/2022\/09\/Ensino-Fundamental-1.jpg 1280w\" sizes=\"(max-width: 1000px) 100vw, 1000px\" \/>\t\n\t\t<\/div>\n\t<!-- \/image-wrap -->\n    \n    \t<\/div>\n<!-- \/module image -->\t        <\/div>\n\t    \t<\/div>\n\t\t    <\/div>\n\t    <!-- \/row_inner -->\n\t<\/div>\n\t<!-- \/module_row -->\n\t\t<!-- module_row -->\n\t<div  data-css_id=\"o6d5841\" data-lazy=\"1\" class=\"module_row themify_builder_row fullwidth tb_o6d5841 tf_clearfix\" >\n\t    \t\t<div class=\"row_inner col_align_middle gutter-none col-count-2 tf_box tf_w tf_rel\"  data-mobile_dir=\"rtl\">\n\t\t\t<div  data-lazy=\"1\" class=\"module_column tb-column col4-2 first tb_wy87848 repeat tf_box\">\n\t\t\t    \t        <div class=\"tb-column-inner tf_box tf_w\">\n\t\t    <!-- module image -->\n<div  class=\"module module-image tb_4ehk863   image-left auto_fullwidth tf_mw wow\" data-tf-animation=\"fadeInRight\" data-lazy=\"1\">\n        <div class=\"image-wrap tf_rel tf_mw\">\n\t\t    <img loading=\"lazy\" decoding=\"async\" src=\"https:\/\/www.petelekoescola.com.br\/colegio-em-joinville\/wp-content\/uploads\/2022\/09\/Ensino-Fundamental-2-1000x750.jpg\" width=\"1000\" height=\"750\" class=\"wp-post-image wp-image-8921\" title=\"Ensino Fundamental (2)\" alt=\"Ensino Fundamental (2)\" srcset=\"https:\/\/www.petelekoescola.com.br\/colegio-em-joinville\/wp-content\/uploads\/2022\/09\/Ensino-Fundamental-2-1000x750.jpg 1000w, https:\/\/www.petelekoescola.com.br\/colegio-em-joinville\/wp-content\/uploads\/2022\/09\/Ensino-Fundamental-2-300x225.jpg 300w, https:\/\/www.petelekoescola.com.br\/colegio-em-joinville\/wp-content\/uploads\/2022\/09\/Ensino-Fundamental-2-1024x768.jpg 1024w, https:\/\/www.petelekoescola.com.br\/colegio-em-joinville\/wp-content\/uploads\/2022\/09\/Ensino-Fundamental-2-768x576.jpg 768w, https:\/\/www.petelekoescola.com.br\/colegio-em-joinville\/wp-content\/uploads\/2022\/09\/Ensino-Fundamental-2.jpg 1280w\" sizes=\"(max-width: 1000px) 100vw, 1000px\" \/>\t\n\t\t<\/div>\n\t<!-- \/image-wrap -->\n    \n    \t<\/div>\n<!-- \/module image -->\t        <\/div>\n\t    \t<\/div>\n\t\t<div  data-lazy=\"1\" class=\"module_column tb-column col4-2 last tb_0kzb854 tf_box\">\n\t\t\t    \t        <div class=\"tb-column-inner tf_box tf_w\">\n\t\t    <!-- module text -->\n<div  class=\"module module-text tb_hcvg387   \" data-lazy=\"1\">\n        <div  class=\"tb_text_wrap\">\n    <p style=\"text-align: center;\">O Col\u00e9gio Peteleko disp\u00f5e de uma equipe com professores capacitados e em constante aperfei\u00e7oamento para promover o aprendizado desta faixa et\u00e1ria.<\/p>    <\/div>\n<\/div>\n<!-- \/module text -->\t        <\/div>\n\t    \t<\/div>\n\t\t    <\/div>\n\t    <!-- \/row_inner -->\n\t<\/div>\n\t<!-- \/module_row -->\n\t\t<!-- module_row -->\n\t<div  data-css_id=\"vhjj841\" data-lazy=\"1\" class=\"module_row themify_builder_row fullwidth tb_vhjj841 tf_clearfix\" >\n\t    \t\t<div class=\"row_inner col_align_middle gutter-none col-count-2 tf_box tf_w tf_rel\">\n\t\t\t<div  data-lazy=\"1\" class=\"module_column tb-column col4-2 first tb_3th4857 repeat tf_box\">\n\t\t\t    \t        <div class=\"tb-column-inner tf_box tf_w\">\n\t\t    <!-- module text -->\n<div  class=\"module module-text tb_2zqz65   \" data-lazy=\"1\">\n        <div  class=\"tb_text_wrap\">\n    <h2 style=\"text-align: center;\">Objetivos gerais do Ensino Fundamental<\/h2>    <\/div>\n<\/div>\n<!-- \/module text --><!-- module text -->\n<div  class=\"module module-text tb_yjgv940   \" data-lazy=\"1\">\n        <div  class=\"tb_text_wrap\">\n    <ul>\n<li>Utilizar as diferentes linguagens: verbal, musical, matem\u00e1tica, gr\u00e1fica, pl\u00e1stica e corporal \u2013 como meio para produzir, expressar e comunicar suas ideias, interpretar e usufruir das produ\u00e7\u00f5es culturais, em contexto p\u00fablico e privado, atendendo a diferentes inten\u00e7\u00f5es e situa\u00e7\u00f5es de comunica\u00e7\u00e3o.<\/li>\n<li>Questionar a realidade formulando-se problemas e tratando de resolv\u00ea-los, utilizando para isso o pensamento l\u00f3gico, a criatividade, a intui\u00e7\u00e3o, a capacidade de an\u00e1lise cr\u00edtica, selecionando procedimentos e verificando sua adequa\u00e7\u00e3o.<br>Turmas nos per\u00edodos matutino, vespertino e per\u00edodo integral.<\/li>\n<\/ul>    <\/div>\n<\/div>\n<!-- \/module text -->\t        <\/div>\n\t    \t<\/div>\n\t\t<div  data-lazy=\"1\" class=\"module_column tb-column col4-2 last tb_dj8l858 repeat tf_box\">\n\t\t\t    \t        <div class=\"tb-column-inner tf_box tf_w\">\n\t\t    <!-- module image -->\n<div  class=\"module module-image tb_q2c5261   image-left auto_fullwidth tf_mw wow\" data-tf-animation=\"fadeInRight\" data-lazy=\"1\">\n        <div class=\"image-wrap tf_rel tf_mw\">\n\t\t    <img loading=\"lazy\" decoding=\"async\" src=\"https:\/\/www.petelekoescola.com.br\/colegio-em-joinville\/wp-content\/uploads\/2022\/09\/Ensino-Fundamental-3-1000x1333.jpg\" width=\"1000\" height=\"1333\" class=\"wp-post-image wp-image-8922\" title=\"Ensino Fundamental (3)\" alt=\"Ensino Fundamental (3)\" srcset=\"https:\/\/www.petelekoescola.com.br\/colegio-em-joinville\/wp-content\/uploads\/2022\/09\/Ensino-Fundamental-3-1000x1333.jpg 1000w, https:\/\/www.petelekoescola.com.br\/colegio-em-joinville\/wp-content\/uploads\/2022\/09\/Ensino-Fundamental-3-225x300.jpg 225w, https:\/\/www.petelekoescola.com.br\/colegio-em-joinville\/wp-content\/uploads\/2022\/09\/Ensino-Fundamental-3-768x1024.jpg 768w, https:\/\/www.petelekoescola.com.br\/colegio-em-joinville\/wp-content\/uploads\/2022\/09\/Ensino-Fundamental-3.jpg 960w\" sizes=\"(max-width: 1000px) 100vw, 1000px\" \/>\t\n\t\t<\/div>\n\t<!-- \/image-wrap -->\n    \n    \t<\/div>\n<!-- \/module image -->\t        <\/div>\n\t    \t<\/div>\n\t\t    <\/div>\n\t    <!-- \/row_inner -->\n\t<\/div>\n\t<!-- \/module_row -->\n\t\t<!-- module_row -->\n\t<div  data-lazy=\"1\" class=\"module_row themify_builder_row tb_dvs1841 tf_clearfix\" >\n\t    \t\t<div class=\"row_inner col_align_top col-count-1 tf_box tf_w tf_rel\">\n\t\t\t<div  data-lazy=\"1\" class=\"module_column tb-column col-full first tb_8bq9862 tf_box\">\n\t\t\t    \t        <div class=\"tb-column-inner tf_box tf_w\">\n\t\t    <!-- module text -->\n<div  class=\"module module-text tb_s4xd586   \" data-lazy=\"1\">\n        <div  class=\"tb_text_wrap\">\n    <p style=\"text-align: center;\"> <span style=\"font-size: 1.7em; letter-spacing: -0.01em; background-color: initial;\">Estrutura<\/span><\/p>    <\/div>\n<\/div>\n<!-- \/module text --><!-- module text -->\n<div  class=\"module module-text tb_uzht192   \" data-lazy=\"1\">\n        <div  class=\"tb_text_wrap\">\n    <ul>\n<li>N\u00famero limitado de crian\u00e7as por turma<\/li>\n<li>Escola conveniada ao Sistema de Ensino Dom Bosco (Apostilas)<\/li>\n<li>Salas de aula amplas, arejadas e climatizadas<\/li>\n<li>Biblioteca<\/li>\n<li>Quadras esportivas<\/li>\n<li>Banheiros adequados \u00e0s crian\u00e7as desta faixa et\u00e1ria<\/li>\n<li>Espa\u00e7os alternativos ao ar livre e cobertos<\/li>\n<li>Aulas curriculares de Ingl\u00eas, Educa\u00e7\u00e3o F\u00edsica e Artes<\/li>\n<li>Aulas extracurriculares: capoeira, ballet, futebol<\/li>\n<li>Oficinas, Projetos, Feira de Ci\u00eancias e Feira Cultural<\/li>\n<li>Aulas de Refor\u00e7o Pedag\u00f3gico<\/li>\n<li>Passeios de estudo e recreativos<\/li>\n<li>Cozinha experimental<\/li>\n<li>Entrada exclusiva para os alunos do Ensino Fundamental<\/li>\n<li>Avalia\u00e7\u00e3o bimestral<\/li>\n<li>Eventos<\/li>\n<\/ul>    <\/div>\n<\/div>\n<!-- \/module text -->\t        <\/div>\n\t    \t<\/div>\n\t\t    <\/div>\n\t    <!-- \/row_inner -->\n\t<\/div>\n\t<!-- \/module_row -->\n\t\t<!-- module_row -->\n\t<div  data-lazy=\"1\" class=\"module_row themify_builder_row repeat tb_sr4t8 tf_clearfix\" >\n\t    \t\t<div class=\"row_inner col_align_top col-count-1 tf_box tf_w tf_rel\">\n\t\t\t<div  data-lazy=\"1\" class=\"module_column tb-column col-full first tb_21wb9 tf_box\">\n\t\t\t    \t        <div class=\"tb-column-inner tf_box tf_w\">\n\t\t    <!-- module text -->\n<div  class=\"module module-text tb_lq50421   \" data-lazy=\"1\">\n        <div  class=\"tb_text_wrap\">\n    <h2 style=\"text-align: center;\"><span style=\"color: #60ccf7; font-weight: normal; font-family: 'Caveat Brush';\">Turmas nos Per\u00edodos<\/span><\/h2>\n<h2 style=\"text-align: center;\"><span style=\"font-weight: normal; font-family: Caveat;\">Matutino<br><\/span><span style=\"font-weight: normal; font-family: Caveat;\">Vespertino<br><\/span><span style=\"font-weight: normal; font-family: Caveat;\">Integral<\/span><\/h2>    <\/div>\n<\/div>\n<!-- \/module text --><!-- module buttons -->\n<div  class=\"module module-buttons tb_0ex3181 buttons-horizontal solid  circle tf_textc\" data-lazy=\"1\">\n    \t<div class=\"module-buttons-item tf_inline_b\">\n\t\t\t\t\t\t\t<a href=\"https:\/\/www.petelekoescola.com.br\/colegio-em-joinville\/#contato\" class=\"ui builder_button green\" >\n\t\t\t\t\t\t\t\t\t\t\t<span class=\"tf_inline_b tf_vmiddle\">SAIBA MAIS<\/span>\n\t\t\t\t\t\t\t\t\t\t\t<\/a>\n\t\t\t    \t<\/div>\n\t<\/div>\n<!-- \/module buttons -->\n\t        <\/div>\n\t    \t<\/div>\n\t\t    <\/div>\n\t    <!-- \/row_inner -->\n\t<\/div>\n\t<!-- \/module_row -->\n\t<\/div>\n<!--\/themify_builder_content-->","protected":false},"excerpt":{"rendered":"<p>Ensino Fundamental Compreende as S\u00e9ries Iniciais (1\u00ba ao 5\u00ba ano) A organiza\u00e7\u00e3o de todas as \u00e1reas do conhecimento ter\u00e1 como refer\u00eancia a Base Nacional Comum Curricular e a Proposta Curricular do Estado de Santa Catarina (envolvendo projetos e pesquisa). O Col\u00e9gio Peteleko disp\u00f5e de uma equipe com professores capacitados e em constante aperfei\u00e7oamento para promover [&hellip;]<\/p>\n","protected":false},"author":1,"featured_media":0,"parent":8163,"menu_order":0,"comment_status":"closed","ping_status":"closed","template":"","meta":{"footnotes":""},"yoast_head":"<!-- This site is optimized with the Yoast SEO plugin v19.6.1 - https:\/\/yoast.com\/wordpress\/plugins\/seo\/ -->\n<title>Ensino Fundamental - Col\u00e9gio Peteleko<\/title>\n<meta name=\"robots\" content=\"index, follow, max-snippet:-1, max-image-preview:large, max-video-preview:-1\" \/>\n<link rel=\"canonical\" href=\"https:\/\/www.petelekoescola.com.br\/colegio-em-joinville\/colegio-em-joinville\/ensino-fundamental\/\" \/>\n<meta property=\"og:locale\" content=\"pt_BR\" \/>\n<meta property=\"og:type\" content=\"article\" \/>\n<meta property=\"og:title\" content=\"Ensino Fundamental - Col\u00e9gio Peteleko\" \/>\n<meta property=\"og:description\" content=\"Ensino Fundamental Compreende as S\u00e9ries Iniciais (1\u00ba ao 5\u00ba ano) A organiza\u00e7\u00e3o de todas as \u00e1reas do conhecimento ter\u00e1 como refer\u00eancia a Base Nacional Comum Curricular e a Proposta Curricular do Estado de Santa Catarina (envolvendo projetos e pesquisa). O Col\u00e9gio Peteleko disp\u00f5e de uma equipe com professores capacitados e em constante aperfei\u00e7oamento para promover [&hellip;]\" \/>\n<meta property=\"og:url\" content=\"https:\/\/www.petelekoescola.com.br\/colegio-em-joinville\/colegio-em-joinville\/ensino-fundamental\/\" \/>\n<meta property=\"og:site_name\" content=\"Col\u00e9gio Peteleko\" \/>\n<meta property=\"article:modified_time\" content=\"2022-09-14T11:27:55+00:00\" \/>\n<meta property=\"og:image\" content=\"http:\/\/www.petelekoescola.com.br\/colegio-em-joinville\/wp-content\/uploads\/2021\/11\/Kindergarten-16-120x120.png\" \/>\n<meta name=\"twitter:card\" content=\"summary_large_image\" \/>\n<meta name=\"twitter:label1\" content=\"Est. tempo de leitura\" \/>\n\t<meta name=\"twitter:data1\" content=\"3 minutos\" \/>\n<script type=\"application\/ld+json\" class=\"yoast-schema-graph\">{\"@context\":\"https:\/\/schema.org\",\"@graph\":[{\"@type\":\"WebPage\",\"@id\":\"https:\/\/www.petelekoescola.com.br\/colegio-em-joinville\/colegio-em-joinville\/ensino-fundamental\/\",\"url\":\"https:\/\/www.petelekoescola.com.br\/colegio-em-joinville\/colegio-em-joinville\/ensino-fundamental\/\",\"name\":\"Ensino Fundamental - Col\u00e9gio Peteleko\",\"isPartOf\":{\"@id\":\"https:\/\/www.petelekoescola.com.br\/colegio-em-joinville\/#website\"},\"datePublished\":\"2021-11-25T19:28:49+00:00\",\"dateModified\":\"2022-09-14T11:27:55+00:00\",\"breadcrumb\":{\"@id\":\"https:\/\/www.petelekoescola.com.br\/colegio-em-joinville\/colegio-em-joinville\/ensino-fundamental\/#breadcrumb\"},\"inLanguage\":\"pt-BR\",\"potentialAction\":[{\"@type\":\"ReadAction\",\"target\":[\"https:\/\/www.petelekoescola.com.br\/colegio-em-joinville\/colegio-em-joinville\/ensino-fundamental\/\"]}]},{\"@type\":\"BreadcrumbList\",\"@id\":\"https:\/\/www.petelekoescola.com.br\/colegio-em-joinville\/colegio-em-joinville\/ensino-fundamental\/#breadcrumb\",\"itemListElement\":[{\"@type\":\"ListItem\",\"position\":1,\"name\":\"Home\",\"item\":\"https:\/\/www.petelekoescola.com.br\/colegio-em-joinville\/\"},{\"@type\":\"ListItem\",\"position\":2,\"name\":\"In\u00edcio\",\"item\":\"https:\/\/www.petelekoescola.com.br\/colegio-em-joinville\/\"},{\"@type\":\"ListItem\",\"position\":3,\"name\":\"Ensino Fundamental\"}]},{\"@type\":\"WebSite\",\"@id\":\"https:\/\/www.petelekoescola.com.br\/colegio-em-joinville\/#website\",\"url\":\"https:\/\/www.petelekoescola.com.br\/colegio-em-joinville\/\",\"name\":\"Col\u00e9gio Peteleko\",\"description\":\"Col\u00e9gio Peteleko - Educa\u00e7\u00e3o com amor\",\"potentialAction\":[{\"@type\":\"SearchAction\",\"target\":{\"@type\":\"EntryPoint\",\"urlTemplate\":\"https:\/\/www.petelekoescola.com.br\/colegio-em-joinville\/?s={search_term_string}\"},\"query-input\":\"required name=search_term_string\"}],\"inLanguage\":\"pt-BR\"}]}<\/script>\n<!-- \/ Yoast SEO plugin. -->","yoast_head_json":{"title":"Ensino Fundamental - Col\u00e9gio Peteleko","robots":{"index":"index","follow":"follow","max-snippet":"max-snippet:-1","max-image-preview":"max-image-preview:large","max-video-preview":"max-video-preview:-1"},"canonical":"https:\/\/www.petelekoescola.com.br\/colegio-em-joinville\/colegio-em-joinville\/ensino-fundamental\/","og_locale":"pt_BR","og_type":"article","og_title":"Ensino Fundamental - Col\u00e9gio Peteleko","og_description":"Ensino Fundamental Compreende as S\u00e9ries Iniciais (1\u00ba ao 5\u00ba ano) A organiza\u00e7\u00e3o de todas as \u00e1reas do conhecimento ter\u00e1 como refer\u00eancia a Base Nacional Comum Curricular e a Proposta Curricular do Estado de Santa Catarina (envolvendo projetos e pesquisa). O Col\u00e9gio Peteleko disp\u00f5e de uma equipe com professores capacitados e em constante aperfei\u00e7oamento para promover [&hellip;]","og_url":"https:\/\/www.petelekoescola.com.br\/colegio-em-joinville\/colegio-em-joinville\/ensino-fundamental\/","og_site_name":"Col\u00e9gio Peteleko","article_modified_time":"2022-09-14T11:27:55+00:00","og_image":[{"url":"http:\/\/www.petelekoescola.com.br\/colegio-em-joinville\/wp-content\/uploads\/2021\/11\/Kindergarten-16-120x120.png"}],"twitter_card":"summary_large_image","twitter_misc":{"Est. tempo de leitura":"3 minutos"},"schema":{"@context":"https:\/\/schema.org","@graph":[{"@type":"WebPage","@id":"https:\/\/www.petelekoescola.com.br\/colegio-em-joinville\/colegio-em-joinville\/ensino-fundamental\/","url":"https:\/\/www.petelekoescola.com.br\/colegio-em-joinville\/colegio-em-joinville\/ensino-fundamental\/","name":"Ensino Fundamental - Col\u00e9gio Peteleko","isPartOf":{"@id":"https:\/\/www.petelekoescola.com.br\/colegio-em-joinville\/#website"},"datePublished":"2021-11-25T19:28:49+00:00","dateModified":"2022-09-14T11:27:55+00:00","breadcrumb":{"@id":"https:\/\/www.petelekoescola.com.br\/colegio-em-joinville\/colegio-em-joinville\/ensino-fundamental\/#breadcrumb"},"inLanguage":"pt-BR","potentialAction":[{"@type":"ReadAction","target":["https:\/\/www.petelekoescola.com.br\/colegio-em-joinville\/colegio-em-joinville\/ensino-fundamental\/"]}]},{"@type":"BreadcrumbList","@id":"https:\/\/www.petelekoescola.com.br\/colegio-em-joinville\/colegio-em-joinville\/ensino-fundamental\/#breadcrumb","itemListElement":[{"@type":"ListItem","position":1,"name":"Home","item":"https:\/\/www.petelekoescola.com.br\/colegio-em-joinville\/"},{"@type":"ListItem","position":2,"name":"In\u00edcio","item":"https:\/\/www.petelekoescola.com.br\/colegio-em-joinville\/"},{"@type":"ListItem","position":3,"name":"Ensino Fundamental"}]},{"@type":"WebSite","@id":"https:\/\/www.petelekoescola.com.br\/colegio-em-joinville\/#website","url":"https:\/\/www.petelekoescola.com.br\/colegio-em-joinville\/","name":"Col\u00e9gio Peteleko","description":"Col\u00e9gio Peteleko - Educa\u00e7\u00e3o com amor","potentialAction":[{"@type":"SearchAction","target":{"@type":"EntryPoint","urlTemplate":"https:\/\/www.petelekoescola.com.br\/colegio-em-joinville\/?s={search_term_string}"},"query-input":"required name=search_term_string"}],"inLanguage":"pt-BR"}]}},"_links":{"self":[{"href":"https:\/\/www.petelekoescola.com.br\/colegio-em-joinville\/wp-json\/wp\/v2\/pages\/8458"}],"collection":[{"href":"https:\/\/www.petelekoescola.com.br\/colegio-em-joinville\/wp-json\/wp\/v2\/pages"}],"about":[{"href":"https:\/\/www.petelekoescola.com.br\/colegio-em-joinville\/wp-json\/wp\/v2\/types\/page"}],"author":[{"embeddable":true,"href":"https:\/\/www.petelekoescola.com.br\/colegio-em-joinville\/wp-json\/wp\/v2\/users\/1"}],"replies":[{"embeddable":true,"href":"https:\/\/www.petelekoescola.com.br\/colegio-em-joinville\/wp-json\/wp\/v2\/comments?post=8458"}],"version-history":[{"count":16,"href":"https:\/\/www.petelekoescola.com.br\/colegio-em-joinville\/wp-json\/wp\/v2\/pages\/8458\/revisions"}],"predecessor-version":[{"id":8923,"href":"https:\/\/www.petelekoescola.com.br\/colegio-em-joinville\/wp-json\/wp\/v2\/pages\/8458\/revisions\/8923"}],"up":[{"embeddable":true,"href":"https:\/\/www.petelekoescola.com.br\/colegio-em-joinville\/wp-json\/wp\/v2\/pages\/8163"}],"wp:attachment":[{"href":"https:\/\/www.petelekoescola.com.br\/colegio-em-joinville\/wp-json\/wp\/v2\/media?parent=8458"}],"curies":[{"name":"wp","href":"https:\/\/api.w.org\/{rel}","templated":true}]}}